re the prime factors of 2426177617?
2426177617
List the prime factors of 15511364.
2, 11, 227, 1553
What are the prime factors of 63041445?
3, 5, 31, 45191
What are the prime factors of 101254497?
3, 47, 773, 929
What are the prime factors of 990909097?
990909097
What are the prime factors of 14901631?
23, 257, 2521
List the prime factors of 53455240.
2, 5, 149, 8969
What are the prime factors of 3579089786?
2, 79, 22652467
What are the prime factors of 569074338?
2, 3, 7, 401, 1609
List the prime factors of 479964166.
2, 11, 1983323
List the prime factors of 9361638.
2, 3, 11, 13, 3637
List the prime factors of 75284014.
2, 13, 23, 67, 1879
List the prime factors of 292141671.
3, 53, 691, 2659
List the prime factors of 556772306.
2, 2027, 137339
List the prime factors of 247880588.
2, 31, 41, 48757
What are the prime factors of 778035137?
11, 70730467
List the prime factors of 258509254.
2, 129254627
List the prime factors of 65972077.
65972077
List the prime factors of 366245822.
2, 183122911
What are the prime factors of 18925923?
3, 6308641
What are the prime factors of 1459704770?
2, 5, 359, 617, 659
What are the prime factors of 2776138335?
3, 5, 17, 213467
What are the prime factors of 1269966863?
11, 31, 3724243
What are the prime factors of 3403197121?
101, 33695021
What are the prime factors of 442683735?
3, 5, 13, 2270173
List the prime factors of 68823954.
2, 3, 3823553
List the prime factors of 689264689.
11027, 62507
What are the prime factors of 173165757?
3, 17, 29, 191, 613
List the prime factors of 16969240.
2, 5, 424231
List the prime factors of 30443649.
3, 29, 349927
List the prime factors of 1312447803.
3, 437482601
List the prime factors of 444056231.
2179, 203789
What are the prime factors of 2734258375?
5, 37, 569, 1039
List the prime factors of 1104291744.
2, 3, 11503039
List the prime factors of 55428983.
55428983
List the prime factors of 403093419.
3, 131, 619, 1657
What are the prime factors of 776439889?
157, 4945477
What are the prime factors of 473110844?
2, 118277711
List the prime factors of 35261562.
2, 3, 7, 47, 17863
What are the prime factors of 86737847?
7, 59, 210019
List the prime factors of 42385745.
5, 43, 137, 1439
What are the prime factors of 65482660?
2, 5, 151, 21683
What are the prime factors of 69048383?
97, 711839
List the prime factors of 225364372.
2, 41, 1374173
List the prime factors of 65644842.
2, 3, 10940807
List the prime factors of 509624975.
5, 29, 24239
What are the prime factors of 11269007?
11269007
What are the prime factors of 51460210?
2, 5, 29, 61, 2909
What are the prime factors of 135998844?
2, 3, 17, 379, 1759
What are the prime factors of 528432134?
2, 264216067
What are the prime factors of 14247323?
29, 443, 1109
List the prime factors of 33347934.
2, 3, 1852663
List the prime factors of 146339485.
5, 17, 101273
What are the prime factors of 115628520?
2, 3, 5, 7, 137653
List the prime factors of 4920643048.
2, 83, 7410607
List the prime factors of 62566169.
127, 492647
List the prime factors of 336810573.
3, 11, 3402127
What are the prime factors of 10943200?
2, 5, 13679
List the prime factors of 50740938.
2, 3, 563, 1669
List the prime factors of 298994131.
298994131
What are the prime factors of 2402473384?
2, 2663, 112771
List the prime factors of 56126082.
2, 3, 1607, 5821
What are the prime factors of 426188641?
227, 1877483
List the prime factors of 47986220.
2, 5, 479, 5009
List the prime factors of 207138986.
2, 863, 120011
What are the prime factors of 56209447?
7, 23, 109, 3203
What are the prime factors of 245476064?
2, 499, 15373
List the prime factors of 821127618.
2, 3, 563, 3001
List the prime factors of 1118676455.
5, 13, 73, 281, 839
What are the prime factors of 1265712695?
5, 13, 19472503
List the prime factors of 2340702784.
2, 7, 5224783
List the prime factors of 48319249.
11, 29, 151471
What are the prime factors of 99083898?
2, 3, 19, 32191
What are the prime factors of 91818195?
3, 5, 7, 874459
What are the prime factors of 51862806?
2, 3, 2881267
What are the prime factors of 238528844?
2, 67, 157, 5669
What are the prime factors of 23515748?
2, 59, 99643
What are the prime factors of 66548911?
11, 13, 42307
List the prime factors of 1545329.
1545329
What are the prime factors of 714506756?
2, 29, 59, 104399
List the prime factors of 147908148.
2, 3, 2267, 5437
What are the prime factors of 2302744320?
2, 3, 5, 47, 4253
List the prime factors of 101768266.
2, 50884133
What are the prime factors of 45116785?
5, 7, 641, 2011
What are the prime factors of 680061949?
7, 97151707
What are the prime factors of 45139699?
11, 149, 27541
What are the prime factors of 757932209?
73, 337, 30809
What are the prime factors of 1521133388?
2, 19, 20014913
List the prime factors of 1905295438.
2, 952647719
List the prime factors of 1163030692.
2, 11071, 26263
List the prime factors of 258339661.
37, 6982153
List the prime factors of 6173404707.
3, 2057801569
What are the prime factors of 999895198?
2, 19559, 25561
What are the prime factors of 208872161?
787, 265403
List the prime factors of 1252558858.
2, 53, 131, 90203
List the prime factors of 192084384.
2, 3, 509, 3931
What are the prime factors of 43157966?
2, 1303, 16561
List the prime factors of 47597989.
31, 571, 2689
What are the prime factors of 682767966?
2, 3, 47, 2421163
List the prime factors of 2898055362.
2, 3, 467, 1034281
List the prime factors of 48375763.
48375763
What are the prime factors of 396184501?
127, 3119563
List the prime factors of 50427739.
607, 83077
What are the prime factors of 2667862642?
2, 1871, 712951
List the prime factors of 81775005.
3, 5, 13, 23, 18233
What are the prime factors of 395363792?
2, 24710237
List the prime factors of 985713703.
13, 17, 4460243
What are the prime factors of 328600843?
157, 2092999
What are the prime factors of 71209129?
71209129
List the prime factors of 1632753201.
3, 19, 389, 73637
What are the prime factors of 7205362308?
2, 3, 3517, 56909
List the prime factors of 12107550.
2, 3, 5, 7, 13, 887
What are the prime factors of 116512793?
521, 223633
List the prime factors of 182729753.
17, 10748809
List the prime factors of 77790485.
5, 23, 53, 12763
What are the prime factors of 988242774?
2, 3, 47, 3504407
List the prime factors of 3619295.
5, 723859
What are the prime factors of 14007002?
2, 347, 20183
List the prime factors of 74247809.
433, 171473
List the prime factors of 402892376.
2, 1571, 32057
What are the prime factors of 4562950?
2, 5, 7, 13037
List the prime factors of 77347429.
967, 79987
What are the prime factors of 2426350127?
67, 36214181
List the prime factors of 28201343.
28201343
What are the prime factors of 857673379?
457, 1876747
List the prime factors of 48851111.
48851111
What are the prime factors of 3969274256?
2, 127, 1953383
What are the prime factors of 420468121?
241, 307, 5683
What are the prime factors of 3203292745?
5, 17, 19, 1983463
List the prime factors of 15970327.
17, 939431
What are the prime factors of 560135230?
2, 5, 37, 97, 15607
What are the prime factors of 215014847?
3533, 60859
What are the prime factors of 656837386?
2, 61, 103, 167, 313
What are the prime factors of 84990806?
2, 42495403
What are the prime factors of 391983930?
2, 3, 5, 13, 335029
What are the prime factors of 7976105871?
3, 167, 15920371
What are the prime factors of 1735842770?
2, 5, 647, 268291
List the prime factors of 1292040277.
11, 29, 4050283
What are the prime factors of 8025446820?
2, 3, 5, 133757447
What are the prime factors of 281891907?
3, 11, 35153
List the prime factors of 579274561.
579274561
What are the prime factors of 62936383?
67, 939349
What are the prime factors of 492365836?
2, 2017, 61027
What are the prime factors of 57217146?
2, 3, 7, 23, 61, 971
List the prime factors of 741227352.
2, 3, 30884473
What are the prime factors of 1465484937?
3, 7, 37, 1886081
What are the prime factors of 635707809?
3, 11, 17, 1307
What are the prime factors of 506561036?
2, 17, 139, 53593
List the prime factors of 161216969.
59, 2732491
What are the prime factors of 3036856881?
3, 37, 1753, 15607
What are the prime factors of 170120429?
193, 331, 2663
List the prime factors of 73643835.
3, 5, 1733, 2833
What